[INFO] cloning repository https://github.com/rrandom/insepct-ttf
[INFO] running `Command { std: "git" "-c" "credential.helper=" "-c" "credential.helper=/workspace/cargo-home/bin/git-credential-null" "clone" "--bare" "https://github.com/rrandom/insepct-ttf" "/workspace/cache/git-repos/https%3A%2F%2Fgithub.com%2Frrandom%2Finsepct-ttf", kill_on_drop: false }`
[INFO] [stderr] Cloning into bare repository '/workspace/cache/git-repos/https%3A%2F%2Fgithub.com%2Frrandom%2Finsepct-ttf'...
[INFO] running `Command { std: "git" "rev-parse" "HEAD", kill_on_drop: false }`
[INFO] [stdout] 5f015cf8d2f7c3cc451949ae51639afcca761c09
[INFO] checking rrandom/insepct-ttf against master#cfbc6d4cf1acbac5c025acf8ed68929caa551df3 for pr-75494-beta
[INFO] running `Command { std: "git" "clone" "/workspace/cache/git-repos/https%3A%2F%2Fgithub.com%2Frrandom%2Finsepct-ttf" "/workspace/builds/worker-4/source", kill_on_drop: false }`
[INFO] [stderr] Cloning into '/workspace/builds/worker-4/source'...
[INFO] [stderr] done.
[INFO] validating manifest of git repo https://github.com/rrandom/insepct-ttf on toolchain cfbc6d4cf1acbac5c025acf8ed68929caa551df3
[INFO] running `Command { std: "/workspace/cargo-home/bin/cargo" "+cfbc6d4cf1acbac5c025acf8ed68929caa551df3" "read-manifest" "--manifest-path" "Cargo.toml", kill_on_drop: false }`
[INFO] started tweaking git repo https://github.com/rrandom/insepct-ttf
[INFO] removed path dependency iced from git repo https://github.com/rrandom/insepct-ttf
[INFO] finished tweaking git repo https://github.com/rrandom/insepct-ttf
[INFO] tweaked toml for git repo https://github.com/rrandom/insepct-ttf written to /workspace/builds/worker-4/source/Cargo.toml
[INFO] crate git repo https://github.com/rrandom/insepct-ttf already has a lockfile, it will not be regenerated
[INFO] running `Command { std: "/workspace/cargo-home/bin/cargo" "+cfbc6d4cf1acbac5c025acf8ed68929caa551df3" "fetch" "--locked" "--manifest-path" "Cargo.toml", kill_on_drop: false }`
[INFO] [stderr] warning: dependency (iced) specified without providing a local path, Git repository, or version to use. This will be considered an error in future versions
[INFO] [stderr]     Updating crates.io index
[INFO] [stderr] error: the lock file /workspace/builds/worker-4/source/Cargo.lock needs to be updated but --locked was passed to prevent this
[INFO] [stderr] If you want to try to generate the lock file without accessing the network, use the --offline flag.
[INFO] the lockfile is outdated, regenerating it
[INFO] running `Command { std: "/workspace/cargo-home/bin/cargo" "+cfbc6d4cf1acbac5c025acf8ed68929caa551df3" "generate-lockfile" "--manifest-path" "Cargo.toml" "-Zno-index-update", kill_on_drop: false }`
[INFO] running `Command { std: "/workspace/cargo-home/bin/cargo" "+cfbc6d4cf1acbac5c025acf8ed68929caa551df3" "fetch" "--locked" "--manifest-path" "Cargo.toml", kill_on_drop: false }`
[INFO] [stderr] warning: dependency (iced) specified without providing a local path, Git repository, or version to use. This will be considered an error in future versions
[INFO] [stderr]     Blocking waiting for file lock on package cache
[INFO] [stderr]  Downloading crates ...
[INFO] [stderr]   Downloaded euclid v0.20.14
[INFO] [stderr]   Downloaded wayland-commons v0.27.0
[INFO] [stderr]   Downloaded clipboard-win v4.0.2
[INFO] [stderr]   Downloaded wayland-scanner v0.27.0
[INFO] [stderr]   Downloaded iced_wgpu v0.2.3
[INFO] [stderr]   Downloaded gfx-backend-dx11 v0.4.6
[INFO] [stderr]   Downloaded iced_web v0.2.1
[INFO] [stderr]   Downloaded lyon_algorithms v0.15.1
[INFO] [stderr]   Downloaded sid v0.6.1
[INFO] [stderr]   Downloaded glam v0.8.7
[INFO] [stderr]   Downloaded smithay-clipboard v0.5.1
[INFO] [stderr]   Downloaded lyon_tessellation v0.15.9
[INFO] [stderr]   Downloaded d3d12 v0.3.2
[INFO] [stderr]   Downloaded xcursor v0.3.2
[INFO] [stderr]   Downloaded lyon_path v0.15.2
[INFO] [stderr]   Downloaded iced_native v0.2.2
[INFO] [stderr]   Downloaded wayland-cursor v0.27.0
[INFO] [stderr]   Downloaded wayland-protocols v0.27.0
[INFO] [stderr]   Downloaded smithay-client-toolkit v0.10.0
[INFO] [stderr]   Downloaded str-buf v1.0.2
[INFO] [stderr]   Downloaded wayland-client v0.27.0
[INFO] [stderr]   Downloaded iced v0.1.1
[INFO] [stderr]   Downloaded iced_core v0.2.1
[INFO] [stderr]   Downloaded wayland-sys v0.27.0
[INFO] [stderr]   Downloaded clipboard_wayland v0.1.1
[INFO] [stderr]   Downloaded window_clipboard v0.1.2
[INFO] [stderr]   Downloaded range-alloc v0.1.1
[INFO] [stderr]   Downloaded gfx-backend-metal v0.4.5
[INFO] [stderr]   Downloaded lyon_geom v0.15.3
[INFO] [stderr]   Downloaded xi-unicode v0.2.1
[INFO] [stderr]   Downloaded iced_futures v0.1.2
[INFO] [stderr]   Downloaded error-code v2.0.0
[INFO] [stderr]   Downloaded lyon v0.15.9
[INFO] [stderr]   Downloaded nfd v0.0.4
[INFO] running `Command { std: "docker" "create" "-v" "/var/lib/crater-agent-workspace/builds/worker-4/target:/opt/rustwide/target:rw,Z" "-v" "/var/lib/crater-agent-workspace/builds/worker-4/source:/opt/rustwide/workdir:ro,Z" "-v" "/var/lib/crater-agent-workspace/cargo-home:/opt/rustwide/cargo-home:ro,Z" "-v" "/var/lib/crater-agent-workspace/rustup-home:/opt/rustwide/rustup-home:ro,Z" "-e" "SOURCE_DIR=/opt/rustwide/workdir" "-e" "CARGO_TARGET_DIR=/opt/rustwide/target" "-e" "CARGO_HOME=/opt/rustwide/cargo-home" "-e" "RUSTUP_HOME=/opt/rustwide/rustup-home" "-w" "/opt/rustwide/workdir" "-m" "1610612736" "--user" "0:0" "--network" "none" "rustops/crates-build-env@sha256:a636fd89d022f18117e1dc8fb37a0a009933cdbbe082814857f0e2024962d47c" "/opt/rustwide/cargo-home/bin/cargo" "+cfbc6d4cf1acbac5c025acf8ed68929caa551df3" "metadata" "--no-deps" "--format-version=1", kill_on_drop: false }`
[INFO] [stdout] 167b9b3e399010070944464a71cc20b4231fb1524e44547540663304f92eb6eb
[INFO] [stderr] WARNING: Your kernel does not support swap limit capabilities or the cgroup is not mounted. Memory limited without swap.
[INFO] running `Command { std: "docker" "start" "-a" "167b9b3e399010070944464a71cc20b4231fb1524e44547540663304f92eb6eb", kill_on_drop: false }`
[INFO] running `Command { std: "docker" "inspect" "167b9b3e399010070944464a71cc20b4231fb1524e44547540663304f92eb6eb", kill_on_drop: false }`
[INFO] running `Command { std: "docker" "rm" "-f" "167b9b3e399010070944464a71cc20b4231fb1524e44547540663304f92eb6eb", kill_on_drop: false }`
[INFO] [stdout] 167b9b3e399010070944464a71cc20b4231fb1524e44547540663304f92eb6eb
[INFO] running `Command { std: "docker" "create" "-v" "/var/lib/crater-agent-workspace/builds/worker-4/target:/opt/rustwide/target:rw,Z" "-v" "/var/lib/crater-agent-workspace/builds/worker-4/source:/opt/rustwide/workdir:ro,Z" "-v" "/var/lib/crater-agent-workspace/cargo-home:/opt/rustwide/cargo-home:ro,Z" "-v" "/var/lib/crater-agent-workspace/rustup-home:/opt/rustwide/rustup-home:ro,Z" "-e" "SOURCE_DIR=/opt/rustwide/workdir" "-e" "CARGO_TARGET_DIR=/opt/rustwide/target" "-e" "CARGO_INCREMENTAL=0" "-e" "RUST_BACKTRACE=full" "-e" "RUSTFLAGS=--cap-lints=forbid" "-e" "CARGO_HOME=/opt/rustwide/cargo-home" "-e" "RUSTUP_HOME=/opt/rustwide/rustup-home" "-w" "/opt/rustwide/workdir" "-m" "1610612736" "--user" "0:0" "--network" "none" "rustops/crates-build-env@sha256:a636fd89d022f18117e1dc8fb37a0a009933cdbbe082814857f0e2024962d47c" "/opt/rustwide/cargo-home/bin/cargo" "+cfbc6d4cf1acbac5c025acf8ed68929caa551df3" "check" "--frozen" "--all" "--all-targets" "--message-format=json", kill_on_drop: false }`
[INFO] [stdout] 9850c52746d1d635e45e6f076a48241054d86b7be2def74ad681553e541b0fed
[INFO] [stderr] WARNING: Your kernel does not support swap limit capabilities or the cgroup is not mounted. Memory limited without swap.
[INFO] running `Command { std: "docker" "start" "-a" "9850c52746d1d635e45e6f076a48241054d86b7be2def74ad681553e541b0fed", kill_on_drop: false }`
[INFO] [stderr] warning: dependency (iced) specified without providing a local path, Git repository, or version to use. This will be considered an error in future versions
[INFO] [stderr]    Compiling libc v0.2.76
[INFO] [stderr]    Compiling log v0.4.11
[INFO] [stderr]    Compiling bitflags v1.2.1
[INFO] [stderr]     Checking once_cell v1.4.1
[INFO] [stderr]     Checking void v1.0.2
[INFO] [stderr]     Checking smallvec v1.4.2
[INFO] [stderr]     Checking downcast-rs v1.2.0
[INFO] [stderr]    Compiling syn v0.15.44
[INFO] [stderr]     Checking cache-padded v1.1.1
[INFO] [stderr]    Compiling nix v0.17.0
[INFO] [stderr]     Checking fastrand v1.3.4
[INFO] [stderr]     Checking parking v2.0.0
[INFO] [stderr]     Checking event-listener v2.4.0
[INFO] [stderr]     Checking ppv-lite86 v0.2.9
[INFO] [stderr]    Compiling proc-macro-hack v0.5.18
[INFO] [stderr]     Checking lazycell v1.3.0
[INFO] [stderr]     Checking vec-arena v0.5.2
[INFO] [stderr]     Checking parking v1.0.6
[INFO] [stderr]     Checking atomic-waker v1.0.0
[INFO] [stderr]     Checking xi-unicode v0.2.1
[INFO] [stderr]     Checking vec_map v0.8.2
[INFO] [stderr]     Checking iced_core v0.2.1
[INFO] [stderr]    Compiling glam v0.8.7
[INFO] [stderr]     Checking svg_fmt v0.2.1
[INFO] [stderr]    Compiling gcc v0.3.55
[INFO] [stderr]     Checking instant v0.1.6
[INFO] [stderr]    Compiling num-traits v0.2.12
[INFO] [stderr]    Compiling num-integer v0.1.43
[INFO] [stderr]    Compiling wayland-sys v0.27.0
[INFO] [stderr]    Compiling x11 v2.18.2
[INFO] [stderr]    Compiling servo-fontconfig-sys v4.0.9
[INFO] [stderr]    Compiling x11-dl v2.18.5
[INFO] [stderr]    Compiling nom v5.1.2
[INFO] [stderr]     Checking futures-channel v0.3.5
[INFO] [stderr]     Checking concurrent-queue v1.2.2
[INFO] [stderr]     Checking hibitset v0.6.3
[INFO] [stderr]     Checking async-mutex v1.1.5
[INFO] [stderr]     Checking futures-task v0.3.5
[INFO] [stderr]    Compiling servo-freetype-sys v4.0.5
[INFO] [stderr]    Compiling expat-sys v2.1.6
[INFO] [stderr]     Checking iced_style v0.1.0
[INFO] [stderr]     Checking async-channel v1.4.0
[INFO] [stderr]     Checking multitask v0.2.0
[INFO] [stderr]     Checking stb_truetype v0.3.1
[INFO] [stderr]     Checking fxhash v0.2.1
[INFO] [stderr]     Checking futures-lite v0.1.11
[INFO] [stderr]    Compiling wayland-scanner v0.27.0
[INFO] [stderr]    Compiling wayland-scanner v0.23.6
[INFO] [stderr]     Checking wayland-sys v0.23.6
[INFO] [stderr]     Checking relevant v0.4.2
[INFO] [stderr]     Checking kv-log-macro v1.0.7
[INFO] [stderr]    Compiling nfd v0.0.4
[INFO] [stderr]     Checking blocking v0.5.2
[INFO] [stderr]    Compiling futures-macro v0.3.5
[INFO] [stderr]     Checking ordered-float v1.1.0
[INFO] [stderr]     Checking approx v0.3.2
[INFO] [stderr]     Checking euclid v0.20.14
[INFO] [stderr]     Checking line_drawing v0.7.0
[INFO] [stderr]     Checking sid v0.6.1
[INFO] [stderr]    Compiling wayland-client v0.27.0
[INFO] [stderr]    Compiling wayland-protocols v0.27.0
[INFO] [stderr]     Checking num_cpus v1.13.0
[INFO] [stderr]     Checking raw-window-handle v0.3.3
[INFO] [stderr]     Checking getrandom v0.1.14
[INFO] [stderr]     Checking memmap v0.7.0
[INFO] [stderr]     Checking net2 v0.2.34
[INFO] [stderr]     Checking iovec v0.1.4
[INFO] [stderr]     Checking nix v0.14.1
[INFO] [stderr]     Checking polling v0.1.5
[INFO] [stderr]     Checking socket2 v0.3.12
[INFO] [stderr]     Checking shared_library v0.1.9
[INFO] [stderr]     Checking parking_lot_core v0.6.2
[INFO] [stderr]     Checking parking_lot_core v0.7.2
[INFO] [stderr]     Checking dirs v1.0.5
[INFO] [stderr]     Checking freetype v0.4.1
[INFO] [stderr]     Checking servo-fontconfig v0.4.0
[INFO] [stderr]     Checking time v0.1.43
[INFO] [stderr]     Checking gfx-hal v0.4.1
[INFO] [stderr]     Checking rusttype v0.8.3
[INFO] [stderr]     Checking tokio v0.2.22
[INFO] [stderr]    Compiling wayland-client v0.23.6
[INFO] [stderr]    Compiling wayland-protocols v0.23.6
[INFO] [stderr]     Checking rand_core v0.5.1
[INFO] [stderr]     Checking ash v0.29.0
[INFO] [stderr]     Checking mio v0.6.22
[INFO] [stderr]     Checking parking_lot v0.9.0
[INFO] [stderr]     Checking futures-util v0.3.5
[INFO] [stderr]     Checking parking_lot v0.10.2
[INFO] [stderr]     Checking xcursor v0.3.2
[INFO] [stderr]     Checking async-io v0.1.11
[INFO] [stderr]     Checking chrono v0.4.15
[INFO] [stderr]    Compiling xcb v0.9.0
[INFO] [stderr]     Checking lyon_geom v0.15.3
[INFO] [stderr]     Checking lyon_geom v0.14.1
[INFO] [stderr]     Checking rand_chacha v0.2.2
[INFO] [stderr]     Checking rusttype v0.7.9
[INFO] [stderr]     Checking glyph_brush_layout v0.1.9
[INFO] [stderr]     Checking async-executor v0.1.2
[INFO] [stderr]     Checking mio-extras v2.0.6
[INFO] [stderr]     Checking andrew v0.2.1
[INFO] [stderr]     Checking rand v0.7.3
[INFO] [stderr]    Compiling synstructure v0.10.2
[INFO] [stderr]     Checking async-std v1.6.3
[INFO] [stderr]     Checking lyon_path v0.14.0
[INFO] [stderr]     Checking lyon_path v0.15.2
[INFO] [stderr]     Checking font-kit v0.4.0
[INFO] [stderr]     Checking lyon_tessellation v0.15.9
[INFO] [stderr]     Checking lyon_algorithms v0.15.1
[INFO] [stderr]     Checking twox-hash v1.5.0
[INFO] [stderr]     Checking lyon v0.15.9
[INFO] [stderr]     Checking glyph_brush v0.6.3
[INFO] [stderr]     Checking wayland-commons v0.27.0
[INFO] [stderr]    Compiling zerocopy-derive v0.1.4
[INFO] [stderr]    Compiling euclid_macros v0.1.0
[INFO] [stderr]     Checking wayland-commons v0.23.6
[INFO] [stderr]     Checking calloop v0.4.4
[INFO] [stderr]     Checking gfx-backend-empty v0.4.0
[INFO] [stderr]     Checking rendy-descriptor v0.5.1
[INFO] [stderr]     Checking rendy-memory v0.5.2
[INFO] [stderr]     Checking futures-executor v0.3.5
[INFO] [stderr]     Checking zerocopy v0.2.8
[INFO] [stderr]     Checking euclid v0.19.9
[INFO] [stderr]     Checking futures v0.3.5
[INFO] [stderr]     Checking wayland-cursor v0.27.0
[INFO] [stderr]     Checking iced_futures v0.1.2
[INFO] [stderr]     Checking iced_native v0.2.2
[INFO] [stderr]     Checking guillotiere v0.4.4
[INFO] [stderr]     Checking clipboard_x11 v0.1.0
[INFO] [stderr]     Checking smithay-client-toolkit v0.6.6
[INFO] [stderr]     Checking smithay-client-toolkit v0.10.0
[INFO] [stderr]     Checking winit v0.22.2
[INFO] [stderr]     Checking gfx-backend-vulkan v0.4.3
[INFO] [stderr]     Checking wgpu-native v0.4.3
[INFO] [stderr]     Checking smithay-clipboard v0.5.1
[INFO] [stderr]     Checking clipboard_wayland v0.1.1
[INFO] [stderr]     Checking window_clipboard v0.1.2
[INFO] [stderr]     Checking iced_winit v0.1.0
[INFO] [stderr]     Checking wgpu v0.4.0
[INFO] [stderr]     Checking wgpu_glyph v0.7.0
[INFO] [stderr]     Checking iced_wgpu v0.2.3
[INFO] [stderr]     Checking iced v0.1.1
[INFO] [stderr]     Checking ttfins v0.1.0 (/opt/rustwide/workdir)
[INFO] [stdout] error[E0432]: unresolved imports `iced::canvas::Cache`, `iced::canvas::Cursor`, `iced::canvas::Geometry`, `iced::Rectangle`
[INFO] [stdout]    --> src/main.rs:277:24
[INFO] [stdout]     |
[INFO] [stdout] 277 |         canvas::{self, Cache, Canvas, Cursor, Geometry, Path},
[INFO] [stdout]     |                        ^^^^^          ^^^^^^  ^^^^^^^^ no `Geometry` in `canvas`
[INFO] [stdout]     |                        |              |
[INFO] [stdout]     |                        |              no `Cursor` in `canvas`
[INFO] [stdout]     |                        no `Cache` in `canvas`
[INFO] [stdout] 278 |         Color, Element, Length, Point, Rectangle, Vector,
[INFO] [stdout]     |                                        ^^^^^^^^^ no `Rectangle` in the root
[INFO] [stdout] 
[INFO] [stdout] 
[INFO] [stdout] error[E0432]: unresolved imports `iced::canvas::Cache`, `iced::canvas::Cursor`, `iced::canvas::Geometry`, `iced::Rectangle`
[INFO] [stdout]    --> src/main.rs:277:24
[INFO] [stdout]     |
[INFO] [stdout] 277 |         canvas::{self, Cache, Canvas, Cursor, Geometry, Path},
[INFO] [stdout]     |                        ^^^^^          ^^^^^^  ^^^^^^^^ no `Geometry` in `canvas`
[INFO] [stdout]     |                        |              |
[INFO] [stdout]     |                        |              no `Cursor` in `canvas`
[INFO] [stdout]     |                        no `Cache` in `canvas`
[INFO] [stdout] 278 |         Color, Element, Length, Point, Rectangle, Vector,
[INFO] [stdout]     |                                        ^^^^^^^^^ no `Rectangle` in the root
[INFO] [stdout] 
[INFO] [stdout] 
[INFO] [stdout] error[E0405]: cannot find trait `Program` in module `canvas`
[INFO] [stdout]    --> src/main.rs:320:22
[INFO] [stdout]     |
[INFO] [stdout] 320 |     impl<'a> canvas::Program<()> for GlyphCanvas<'a> {
[INFO] [stdout]     |                      ^^^^^^^ not found in `canvas`
[INFO] [stdout] 
[INFO] [stdout] 
[INFO] [stdout] error[E0405]: cannot find trait `Program` in module `canvas`
[INFO] [stdout]    --> src/main.rs:320:22
[INFO] [stdout]     |
[INFO] [stdout] 320 |     impl<'a> canvas::Program<()> for GlyphCanvas<'a> {
[INFO] [stdout]     |                      ^^^^^^^ not found in `canvas`
[INFO] [stdout] 
[INFO] [stdout] 
[INFO] [stdout] error: aborting due to 2 previous errors
[INFO] [stdout] 
[INFO] [stdout] 
[INFO] [stdout] Some errors have detailed explanations: E0405, E0432.
[INFO] [stdout] 
[INFO] [stdout] For more information about an error, try `rustc --explain E0405`.
[INFO] [stdout] 
[INFO] [stderr] error: could not compile `ttfins`.
[INFO] [stderr] 
[INFO] [stderr] To learn more, run the command again with --verbose.
[INFO] [stderr] warning: build failed, waiting for other jobs to finish...
[INFO] [stdout] error: aborting due to 2 previous errors
[INFO] [stdout] 
[INFO] [stdout] 
[INFO] [stdout] Some errors have detailed explanations: E0405, E0432.
[INFO] [stdout] 
[INFO] [stdout] For more information about an error, try `rustc --explain E0405`.
[INFO] [stdout] 
[INFO] [stderr] error: build failed
[INFO] running `Command { std: "docker" "inspect" "9850c52746d1d635e45e6f076a48241054d86b7be2def74ad681553e541b0fed", kill_on_drop: false }`
[INFO] running `Command { std: "docker" "rm" "-f" "9850c52746d1d635e45e6f076a48241054d86b7be2def74ad681553e541b0fed", kill_on_drop: false }`
[INFO] [stdout] 9850c52746d1d635e45e6f076a48241054d86b7be2def74ad681553e541b0fed
